{"id":4,"date":"2020-10-22T11:33:13","date_gmt":"2020-10-22T09:33:13","guid":{"rendered":"http:\/\/19.liure.fr\/pechereau\/accueil\/"},"modified":"2025-08-11T08:22:45","modified_gmt":"2025-08-11T06:22:45","slug":"accueil","status":"publish","type":"page","link":"https:\/\/19.liure.fr\/pechereau\/","title":{"rendered":"Votre sp\u00e9cialiste de la r\u00e9novation avec 20 ans d&rsquo;exp\u00e9rience !"},"content":{"rendered":"<?xml encoding=\"utf-8\" ?><div class=\"container\"><div class=\"row\"><div class=\"col-md-12\">\n<p>Mr P&eacute;chereau ludovic ma&ccedil;on carreleur avec 20 ans d&rsquo;exp&eacute;rience&nbsp;<strong>sp&eacute;cialis&eacute; dans la r&eacute;novation<\/strong>.<\/p>\n<\/div><\/div><\/div><div class=\"container\"><div class=\"row\"><div class=\"col-md-12\">\n\n<\/div><\/div><\/div><div class=\"container\"><div class=\"row\"><div class=\"col-md-12\">\n<p>J&rsquo;interviens dans un rayon de&nbsp;<strong>50 km autour<\/strong>&nbsp;<strong>de<\/strong><strong>&nbsp;Brive.<\/strong><\/p>\n<\/div><\/div><\/div><div class=\"container\"><div class=\"row\"><div class=\"col-md-12\">\n\n<\/div><\/div><\/div><div class=\"container\"><div class=\"row\"><div class=\"col-md-12\">\n<p>Selon les chantiers, je peux proposer des artisans compl&eacute;mentaires pour r&eacute;aliser enti&egrave;rement tous vos travaux.<\/p>\n<\/div><\/div><\/div><div class=\"container\"><div class=\"row\"><div class=\"col-md-12\">\n\n<\/div><\/div><\/div><div class=\"container\"><div class=\"row\"><div class=\"col-md-12\">\n<p>Je suis &agrave; m&ecirc;me de g&eacute;rer et coordonner un chantier de A &agrave; Z qui demande l&rsquo;intervention de plusieurs corps de m&eacute;tiers afin que vous n&rsquo;ayez qu&rsquo;un seul interlocuteur.<\/p>\n<\/div><\/div><\/div><div class=\"container\"><div class=\"row\"><div class=\"col-md-12\">\n\n<\/div><\/div><\/div><div class=\"container\">\n\t<div class=\"row\">\n\t\t<div class=\"col-md-12\">\n\t<div class=\"row_block_line row no-gutters \">\n\t\t\n\t\t\t<div class=\"col-md-8\">\n\t\t\t<div class=\"inside_block_line d-flex justify-content-center flex-column h-100 height_auto\">\n\t\t\t\t\t\t\t\t\t\t\t<div class=\"wrapper_content_block_line\">\n\t\t\t\t\t\t\t\t\t\t\t<h2 class=\"text-center\">Le mot du dirigeant :<\/h2>\n\t\t\t\t\t\t\t\t\t\t<div class=\"block_line_contenu\"><p>&laquo;&nbsp;Passionn&eacute; de la r&eacute;novation depuis mes 15 ans, je ne me vois pas faire autre chose, j&rsquo;aime la diversification et pouvoir travailler sur plusieurs postes en m&ecirc;me temps.<\/p>\n<p>J&rsquo;aime rendre service et que mon travail rende les gens heureux de vivre dans leur habitation.&nbsp;&raquo;<\/p>\n<\/div>\t\t\t\t<\/div>\n\t\t\t\t\t\t\t\t\t<\/div>\n\t\t<\/div>\n\t\t\t<div class=\"col-md-4\">\n\t\t\t<div class=\"inside_block_line d-flex justify-content-center flex-column h-100 height_auto\">\n\t\t\t\t\t\t\t\t\t\t\t<div class=\"wrapper_content_block_line\">\n\t\t\t\t\t\t\t\t\t\t\t<h2 class=\"text-center\">Mes clients :<\/h2>\n\t\t\t\t\t\t\t\t\t\t<div class=\"block_line_contenu\"><ul>\n<li>Les <strong>particuliers<\/strong><\/li>\n<li>Les <strong>professionnels<\/strong><\/li>\n<li>Les<strong> collectivit&eacute;s<\/strong><\/li>\n<\/ul>\n<\/div>\t\t\t\t<\/div>\n\t\t\t\t\t\t\t\t\t<\/div>\n\t\t<\/div>\n\t\t<\/div>\n\t\t\n\t\t<\/div>\n\t<\/div>\n<\/div><div class=\"container\"><div class=\"row\"><div class=\"col-md-12\">\n\n<\/div><\/div><\/div><div class=\"container\"><div class=\"row\"><div class=\"col-md-12\">\n<div style=\"height:100px\" aria-hidden=\"true\" class=\"wp-block-spacer\"><\/div>\n<\/div><\/div><\/div><div class=\"container\"><div class=\"row\"><div class=\"col-md-12\">\n\n<\/div><\/div><\/div><div class=\"container\"><div class=\"row\"><div class=\"col-md-12\">\n<h3 class=\"wp-block-heading\">Mes domaines d&rsquo;intervention :<\/h3>\n<\/div><\/div><\/div><div class=\"container\"><div class=\"row\"><div class=\"col-md-12\">\n\n<\/div><\/div><\/div><div class=\"container\"><div class=\"row\"><div class=\"col-md-12\">\n<div class=\"wp-block-columns is-layout-flex wp-container-core-columns-is-layout-9d6595d7 wp-block-columns-is-layout-flex\">\n<div class=\"wp-block-column is-layout-flow wp-block-column-is-layout-flow\"><div class=\"card image_card\">\n\t\t<div class=\"card_image\">\n\t\t<img decoding=\"async\" src=\"https:\/\/19.liure.fr\/pechereau\/wp-content\/uploads\/sites\/71\/2020\/11\/0044672001542377999.jpg\" alt=\"plafond isolation\" loading=\"lazy\">\n\t\t\t<\/div>\n\t\t\t\t\t\t\t\t\t\t<a href=\"http:\/\/19.liure.fr\/pechereau\/platrerie-isolation\/\" class=\"card_titre stretched-link\" target=\"\">\n\t\t\t\t<h3 class=\"text-center\">Pl&acirc;trerie-Isolation<\/h3>\n\t\t\t<\/a>\n\t\t\t\t\t\t\t\n\t<div class=\"card_content\">\n\t\t\t\t<div class=\"pl-2 pr-2\"><\/div>\n\t<\/div>\n\t\t\t<span class=\"mx-auto card_btn bg-dark\">En savoir plus<\/span>\n\t<\/div><\/div>\n\n\n\n<div class=\"wp-block-column is-layout-flow wp-block-column-is-layout-flow\"><div class=\"card image_card\">\n\t\t<div class=\"card_image\">\n\t\t<img decoding=\"async\" src=\"https:\/\/19.liure.fr\/pechereau\/wp-content\/uploads\/sites\/71\/2020\/11\/0254597001540998671-500x375.jpg\" alt=\"pechereau carrelage\" loading=\"lazy\">\n\t\t\t<\/div>\n\t\t\t\t\t\t\t\t\t\t<a href=\"http:\/\/19.liure.fr\/pechereau\/carrelage-interieur\/\" class=\"card_titre stretched-link\" target=\"\">\n\t\t\t\t<h3 class=\"text-center\">Carrelage<\/h3>\n\t\t\t<\/a>\n\t\t\t\t\t\t\t\n\t<div class=\"card_content\">\n\t\t\t\t<div class=\"pl-2 pr-2\"><\/div>\n\t<\/div>\n\t\t\t<span class=\"mx-auto card_btn bg-dark\">En savoir plus<\/span>\n\t<\/div><\/div>\n\n\n\n<div class=\"wp-block-column is-layout-flow wp-block-column-is-layout-flow\"><div class=\"card image_card\">\n\t\t<div class=\"card_image\">\n\t\t<img decoding=\"async\" src=\"https:\/\/19.liure.fr\/pechereau\/wp-content\/uploads\/sites\/71\/2020\/11\/0025039001481269889-e1605174893962-500x224.jpg\" alt=\"int&eacute;rieur ext&eacute;rieur\" loading=\"lazy\">\n\t\t\t<\/div>\n\t\t\t\t\t\t\t\t\t\t<a href=\"http:\/\/19.liure.fr\/pechereau\/maconnerie\/\" class=\"card_titre stretched-link\" target=\"\">\n\t\t\t\t<h3 class=\"text-center\">Ma&ccedil;onnerie<\/h3>\n\t\t\t<\/a>\n\t\t\t\t\t\t\t\n\t<div class=\"card_content\">\n\t\t\t\t<div class=\"pl-2 pr-2\"><\/div>\n\t<\/div>\n\t\t\t<span class=\"mx-auto card_btn bg-dark\">En savoir plus<\/span>\n\t<\/div><\/div>\n\n\n\n<div class=\"wp-block-column is-layout-flow wp-block-column-is-layout-flow\"><div class=\"card image_card\">\n\t\t<div class=\"card_image\">\n\t\t<img decoding=\"async\" src=\"https:\/\/19.liure.fr\/pechereau\/wp-content\/uploads\/sites\/71\/2020\/11\/0924785001542376175.jpg\" alt=\"int&eacute;rieur ext&eacute;rieur\" loading=\"lazy\">\n\t\t\t<\/div>\n\t\t\t\t\t\t\t\t\t\t<a href=\"http:\/\/19.liure.fr\/pechereau\/revetements-sols\/\" class=\"card_titre stretched-link\" target=\"\">\n\t\t\t\t<h3 class=\"text-center\">Rev&ecirc;tements de sols<\/h3>\n\t\t\t<\/a>\n\t\t\t\t\t\t\t\n\t<div class=\"card_content\">\n\t\t\t\t<div class=\"pl-2 pr-2\"><\/div>\n\t<\/div>\n\t\t\t<span class=\"mx-auto card_btn bg-dark\">En savoir plus<\/span>\n\t<\/div><\/div>\n<\/div>\n<\/div><\/div><\/div><div class=\"container\"><div class=\"row\"><div class=\"col-md-12\">\n\n<\/div><\/div><\/div><div class=\"container\"><div class=\"row\"><div class=\"col-md-12\">\n<div style=\"height:100px\" aria-hidden=\"true\" class=\"wp-block-spacer\"><\/div>\n<\/div><\/div><\/div><div class=\"container\"><div class=\"row\"><div class=\"col-md-12\">\n\n<\/div><\/div><\/div><div class=\"container\"><div class=\"row\"><div class=\"col-md-12\">\n<h2 class=\"wp-block-heading\">D&eacute;marche professionnelle&nbsp;:<\/h2>\n<\/div><\/div><\/div><div class=\"container\"><div class=\"row\"><div class=\"col-md-12\">\n\n<\/div><\/div><\/div><div class=\"container\"><div class=\"row\"><div class=\"col-md-12\">\n<div class=\"wp-block-columns is-layout-flex wp-container-core-columns-is-layout-9d6595d7 wp-block-columns-is-layout-flex\">\n<div class=\"wp-block-column is-layout-flow wp-block-column-is-layout-flow\"><div class=\"container\"><div class=\"row\"><div class=\"col-md-12\">\n<div style=\"height:35px\" aria-hidden=\"true\" class=\"wp-block-spacer\"><\/div>\n<\/div><\/div><\/div>\n\n<div class=\"container\"><div class=\"row\"><div class=\"col-md-12\">\n<p>Ma d&eacute;marche est ax&eacute;e sur le&nbsp;<strong>conseil et l&rsquo;accompagnement<\/strong>.<\/p>\n<\/div><\/div><\/div>\n\n<div class=\"container\"><div class=\"row\"><div class=\"col-md-12\">\n<p>Le fait d&rsquo;intervenir sur diff&eacute;rents m&eacute;tiers permet :<\/p>\n<\/div><\/div><\/div>\n\n<div class=\"container\"><div class=\"row\"><div class=\"col-md-12\">\n<ul class=\"wp-block-list\"><li>D&rsquo;avoir pour vous&nbsp;<strong>un seul interlocuteur<\/strong><\/li><li>De&nbsp;<strong>maitriser les d&eacute;lais&nbsp;<\/strong>entre les diff&eacute;rentes t&acirc;ches<\/li><li>D&rsquo;avoir un&nbsp;<strong>suivi pr&eacute;cis<\/strong><\/li><li>Un&nbsp;<strong>tarif avantageux<\/strong><\/li><\/ul>\n<\/div><\/div><\/div><\/div>\n\n\n\n<div class=\"wp-block-column is-layout-flow wp-block-column-is-layout-flow\"><div class=\"container\"><div class=\"row\"><div class=\"col-md-12\">\n<figure class=\"wp-block-image size-large\"><img decoding=\"async\" width=\"1024\" height=\"680\" src=\"http:\/\/19.liure.fr\/pechereau\/wp-content\/uploads\/sites\/67\/2020\/11\/pexels-pixabay-159045-1024x680.jpg\" alt=\"\" class=\"wp-image-106\" loading=\"lazy\" srcset=\"https:\/\/19.liure.fr\/pechereau\/wp-content\/uploads\/sites\/71\/2020\/11\/pexels-pixabay-159045-1024x680.jpg 1024w, https:\/\/19.liure.fr\/pechereau\/wp-content\/uploads\/sites\/71\/2020\/11\/pexels-pixabay-159045-300x199.jpg 300w, https:\/\/19.liure.fr\/pechereau\/wp-content\/uploads\/sites\/71\/2020\/11\/pexels-pixabay-159045-768x510.jpg 768w, https:\/\/19.liure.fr\/pechereau\/wp-content\/uploads\/sites\/71\/2020\/11\/pexels-pixabay-159045-350x232.jpg 350w, https:\/\/19.liure.fr\/pechereau\/wp-content\/uploads\/sites\/71\/2020\/11\/pexels-pixabay-159045-800x531.jpg 800w, https:\/\/19.liure.fr\/pechereau\/wp-content\/uploads\/sites\/71\/2020\/11\/pexels-pixabay-159045-500x332.jpg 500w, https:\/\/19.liure.fr\/pechereau\/wp-content\/uploads\/sites\/71\/2020\/11\/pexels-pixabay-159045-1536x1020.jpg 1536w, https:\/\/19.liure.fr\/pechereau\/wp-content\/uploads\/sites\/71\/2020\/11\/pexels-pixabay-159045-2048x1360.jpg 2048w\" sizes=\"auto, (max-width: 1024px) 100vw, 1024px\" \/><\/figure>\n<\/div><\/div><\/div><\/div>\n<\/div>\n<\/div><\/div><\/div><div class=\"container\"><div class=\"row\"><div class=\"col-md-12\">\n\n<\/div><\/div><\/div><div class=\"container\">\n\t<div class=\"row\">\n\t\t<div class=\"col-md-12\">\n\t<div class=\"row_block_line row no-gutters \">\n\t\t\n\t\t\t<div class=\"col-md-6\">\n\t\t\t<div class=\"inside_block_line d-flex justify-content-center flex-column h-100 height_auto\">\n\t\t\t\t<img decoding=\"async\" class=\"img_in_block_line\" src=\"https:\/\/19.liure.fr\/pechereau\/wp-content\/uploads\/sites\/71\/2020\/11\/pexels-jeshootscom-834892-1024x683.jpg\" alt=\"\" loading=\"lazy\">\t\t\t\t\t\t\t\t\t<\/div>\n\t\t<\/div>\n\t\t\t<div class=\"col-md-6\">\n\t\t\t<div class=\"inside_block_line d-flex justify-content-center flex-column h-100 height_auto\">\n\t\t\t\t\t\t\t\t\t\t\t<div class=\"wrapper_content_block_line\">\n\t\t\t\t\t\t\t\t\t\t\t<h2 class=\"text-center\">Lorsque vous me contactez, voici la d&eacute;marche que je suis :<\/h2>\n\t\t\t\t\t\t\t\t\t\t<div class=\"block_line_contenu\"><ul>\n<li><strong>Prise de rdv <\/strong>sur le site<\/li>\n<li>Vous <strong>&eacute;couter <\/strong>pour <strong>comprendre <\/strong>les objectifs<\/li>\n<li>Prise en consid&eacute;ration des <strong>contraintes de l&rsquo;environnement<\/strong><\/li>\n<li><strong>Etude sp&eacute;cifique <\/strong>des diff&eacute;rentes <strong>subventions <\/strong>et <strong>cr&eacute;dits d&rsquo;imp&ocirc;ts <\/strong>disponible &agrave; l&rsquo;instant et suivant la commune<\/li>\n<li>Voir ce qui est r&eacute;alisables par rapport au <strong>budget<\/strong><\/li>\n<li><strong>Proposition d&rsquo;une solution <\/strong>prenant en compte tous les &eacute;l&eacute;ments pr&eacute;c&eacute;dents<\/li>\n<li>R&eacute;alisation d&rsquo;un <strong>devis et planification<\/strong><\/li>\n<\/ul>\n<\/div>\t\t\t\t<\/div>\n\t\t\t\t\t\t\t\t\t<\/div>\n\t\t<\/div>\n\t\t<\/div>\n\t\t\n\t\t<\/div>\n\t<\/div>\n<\/div><div class=\"container\"><div class=\"row\"><div class=\"col-md-12\">\n\n<\/div><\/div><\/div><div class=\"container\"><div class=\"row\"><div class=\"col-md-12\">\n<div style=\"height:47px\" aria-hidden=\"true\" class=\"wp-block-spacer\"><\/div>\n<\/div><\/div><\/div><div class=\"container\"><div class=\"row\"><div class=\"col-md-12\">\n\n<\/div><\/div><\/div><div class=\"container\"><div class=\"row\"><div class=\"col-md-12\">\n<h3 class=\"wp-block-heading\">Une entreprise qualifi&eacute;e et reconnue :<\/h3>\n<\/div><\/div><\/div><div class=\"container\"><div class=\"row\"><div class=\"col-md-12\">\n\n<\/div><\/div><\/div><div class=\"container\"><div class=\"row\"><div class=\"col-md-12\">\n<ul class=\"wp-block-list\"><li><strong>CAP ma&ccedil;onnerie<\/strong><\/li><li><strong>BEP ma&ccedil;onnerie<\/strong><\/li><li><strong>CAP carreleur mosa&iuml;ste<\/strong><\/li><\/ul>\n<\/div><\/div><\/div><div class=\"container\"><div class=\"row\"><div class=\"col-md-12\">\n\n<\/div><\/div><\/div><div class=\"container\"><div class=\"row\"><div class=\"col-md-12\">\n<p><strong>Afin de garantir tous vos travaux, mon assurance d&eacute;c&eacute;nale couvre l&rsquo;ensemble de mes corps de m&eacute;tiers<\/strong><\/p>\n<\/div><\/div><\/div><div class=\"container\"><div class=\"row\"><div class=\"col-md-12\">\n\n<\/div><\/div><\/div><div class=\"container\"><div class=\"row\"><div class=\"col-md-12\">\n<p><strong>N&rsquo;h&eacute;sitez pas &agrave; me contacter mes conseils et les devis sont gratuits.<\/strong><\/p>\n<\/div><\/div><\/div><div class=\"container\"><div class=\"row\"><div class=\"col-md-12\">\n\n<\/div><\/div><\/div><div class=\"container\"><div class=\"row\"><div class=\"col-md-12\">\n<div class=\"wp-block-buttons is-layout-flex wp-block-buttons-is-layout-flex\">\n<div class=\"wp-block-button\"><a class=\"wp-block-button__link\" href=\"http:\/\/19.liure.fr\/pechereau\/contact\/\">Contactez nous<\/a><\/div>\n<\/div>\n<\/div><\/div><\/div><div class=\"container\"><div class=\"row\"><div class=\"col-md-12\">\n\n<\/div><\/div><\/div><div class=\"container\"><div class=\"row\"><div class=\"col-md-12\">\n<p><\/p>\n<\/div><\/div><\/div>\n","protected":false},"excerpt":{"rendered":"<p>Mr P&eacute;chereau ludovic ma&ccedil;on carreleur avec 20 ans d&rsquo;exp&eacute;rience&nbsp;sp&eacute;cialis&eacute; dans la r&eacute;novation. J&rsquo;interviens dans un rayon de&nbsp;50 km autour&nbsp;de&nbsp;Brive. Selon les chantiers, je peux proposer des artisans compl&eacute;mentaires pour r&eacute;aliser enti&egrave;rement tous vos travaux. Je suis &agrave; m&ecirc;me de g&eacute;rer et coordonner un chantier de A &agrave; Z qui demande l&rsquo;intervention de plusieurs corps de [&hellip;]<\/p>\n","protected":false},"author":3,"featured_media":161,"parent":0,"menu_order":1,"comment_status":"closed","ping_status":"closed","template":"","meta":{"_acf_changed":false,"footnotes":""},"class_list":["post-4","page","type-page","status-publish","has-post-thumbnail","hentry"],"acf":[],"_links":{"self":[{"href":"https:\/\/19.liure.fr\/pechereau\/wp-json\/wp\/v2\/pages\/4","targetHints":{"allow":["GET"]}}],"collection":[{"href":"https:\/\/19.liure.fr\/pechereau\/wp-json\/wp\/v2\/pages"}],"about":[{"href":"https:\/\/19.liure.fr\/pechereau\/wp-json\/wp\/v2\/types\/page"}],"author":[{"embeddable":true,"href":"https:\/\/19.liure.fr\/pechereau\/wp-json\/wp\/v2\/users\/3"}],"replies":[{"embeddable":true,"href":"https:\/\/19.liure.fr\/pechereau\/wp-json\/wp\/v2\/comments?post=4"}],"version-history":[{"count":58,"href":"https:\/\/19.liure.fr\/pechereau\/wp-json\/wp\/v2\/pages\/4\/revisions"}],"predecessor-version":[{"id":346,"href":"https:\/\/19.liure.fr\/pechereau\/wp-json\/wp\/v2\/pages\/4\/revisions\/346"}],"wp:featuredmedia":[{"embeddable":true,"href":"https:\/\/19.liure.fr\/pechereau\/wp-json\/wp\/v2\/media\/161"}],"wp:attachment":[{"href":"https:\/\/19.liure.fr\/pechereau\/wp-json\/wp\/v2\/media?parent=4"}],"curies":[{"name":"wp","href":"https:\/\/api.w.org\/{rel}","templated":true}]}}